1?
29
Let z be (64/(-6))/((-4)/12). Suppose 2*o = -4*f + 38, o - z = -4*f - 3*o. Calculate the remainder when 64 is divided by f.
9
Suppose -4*x + 8 = 0, 3*f = 6*f - x - 526. Let w = -113 + f. What is the remainder when 19 is divided by 459/w - 2/7?
5
Let n = 21 - 13. Let h = 15 - -14. Calculate the remainder when h is divided by n.
5
What is the remainder when (15/(-45))/(3/(-576)) is divided by 12?
4
Let u be (-1)/(-1) - 4 - (-35)/5. Suppose 0*p = -2*p - 2*f + 4, -u*f - 8 = 0. What is the remainder when 18 is divided by p?
2
Suppose -237 = -12*v + 99. Suppose -v + 700 = 12*w. What is the remainder when w is divided by 34?
22
Suppose -4*q = 5*o - 0*q - 1536, -4*o = 5*q - 1227. What is the remainder when o is divided by 69?
32
Suppose 3*c + 51 = 3*j, -6*j + 4*j - 14 = c. Calculate the remainder when 17 is divided by (-1 - c)/(2*9/12).
7
Let q = -21 + 20. Let n be (6 - q)*(-12)/(-42). Suppose 2*l + n*g - 52 = 0, 0*l - 45 = -2*l + 5*g. What is the remainder when l is divided by 13?
12
Let y = -104 - -185. Let t(s) = -s**3 - 10*s**2 + 83*s + 2. What is the remainder when y is divided by t(5)?
39
Let c = 419 - 136. What is the remainder when c is divided by 57?
55
Let c(q) = -q**2 + 23*q + 25. Let a(x) = -x**2 + 24*x + 25. Let y(b) = -5*a(b) + 6*c(b). Calculate the remainder when y(14) is divided by 17.
13
Suppose g = 5*n + 3*g - 423, -3*n + 256 = -g. What is the remainder when n is divided by 29?
27
Let d = 4 - 9. Calculate the remainder when 18/(-33) + (-1037)/(-187) is divided by (-8)/d - 2/(-5).
1
Suppose 5 = -k, 9*k - 83 = -x + 11*k. What is the remainder when 202 is divided by x?
56
Suppose -3*r + 5*a - 85 = -8*r, -2*r - a = -35. Calculate the remainder when 60 is divided by r.
6
Let v(t) = -t**3 - 2*t**2 + 7*t + 35. Calculate the remainder when v(-4) is divided by 6.
3
Let m = 5319 - 5301. Calculate the remainder when m is divided by 2 + -3 + 6/1.
3
Suppose 0 = -u - 3*s - 10, -5 = 3*u + 3*s + 13. Let r = 0 - -29. Let m = r + u. Calculate the remainder when 49 is divided by m.
24
Suppose 10 - 150 = 4*y. Let m = 6 - y. Calculate the remainder when 245 is divided by m.
40
Let y = -114 + 254. Calculate the remainder when y is divided by 27.
5
Let u = -831 + 1028. Calculate the remainder when u is divided by 39.
2
Suppose -2 = 4*l + 2. Let s(o) = -27*o**3 + 2*o + 1. Let f = -19 + 33. What is the remainder when s(l) is divided by f?
12
Let y(f) = 5*f**2 + f - 1. Let w be y(1). Suppose 2*o - t + w*t - 56 = 0, 5*o - 5*t = 110. Calculate the remainder when o is divided by (-68)/(-4) + (2 - 6).
11
Let c(q) = -4*q - 3 - 2*q + q**2 + 8. Let w be c(6). Suppose 3*x - w*r - 32 = x, -2*x + 32 = -4*r. What is the remainder when x is divided by 9?
7
Let j = -1157 + 1231. What is the remainder when j is divided by 4?
2
Let c = 46 + -33. Let v = 11 - -53. What is the remainder when v is divided by c?
12
Let b(m) = -4*m + 7. What is the remainder when b(-10) is divided by (-11)/(-11) - (2 + -14)?
8
Let w(l) = -l**3 + 7*l**2 - 2*l - 4. Calculate the remainder when 158/7*(-70)/(-20) is divided by w(6).
19
Suppose -105 = -2*o + 35. Suppose -d + 0*p + 20 = p, 4*d + 2*p = o. Calculate the remainder when 41 is divided by d.
11
Suppose -3*z = 2*y - 164, 3*z = -y - 2*z + 75. Calculate the remainder when y is divided by 22.
19
Suppose 33*n - 1208 = -317. What is the remainder when 76 is divided by n?
22
Let j be (0/(-2))/(3/(-3)). Suppose 4 = q - j*q. Calculate the remainder when (q + 1)/((-1)/(-7)) is divided by 19.
16
Let f be (60/(-75))/((-1)/125). Suppose 0 = -2*y - 48 + f. What is the remainder when 48 is divided by y?
22
Let t be 2/(1 - (-1 - -3)). What is the remainder when 40 is divided by (1 + t)/((-2)/28)?
12
Suppose 32*b - 74 = 30*b. What is the remainder when 102 is divided by b?
28
Suppose -z - b + 32 = b, 4*z - 2*b - 98 = 0. What is the remainder when z is divided by (-21)/(-28)*-3*-4?
8
Suppose 3*y + 471 = 174. Suppose 4*h - 3*h = 3. Calculate the remainder when 46 is divided by (4/h)/((-11)/y).
10
Suppose -10 - 1 = -z. Suppose 0*y - y = -105. Let j = -63 + y. Calculate the remainder when j is divided by z.
9
Let q be 1*((-334)/(-30) + (-10)/75). What is the remainder when 82 is divided by (-2)/(-6)*(53 - q)?
12
Let i(o) = -o**2 - 16*o - 5. Let n be i(-11). Let t = 88 - n. Let h(r) = r**2 + 4*r + 2. Calculate the remainder when t is divided by h(-6).
10
Calculate the remainder when (10 + 5 + -3)/(2/16) is divided by 27.
15
Suppose 0*n + 576 = 12*n. Suppose 16 = 2*x - 2*f + 2, 4*x - n = -f. Calculate the remainder when x is divided by 8.
3
Let b = 14 - 12. Suppose -b*o = 4*h - 136, -2*h - 34 = -3*h - 2*o. Calculate the remainder when 67 is divided by h.
33
Let j = -2 + 7. Suppose -4*v - 40 = z, -41 = j*z - 3*z - 5*v. Calculate the remainder when (-7)/z - 405/(-12) is divided by 12.
10
Suppose 0 = -3*g + 5*d + 107, -13*d + 11*d - 8 = 0. What is the remainder when g is divided by 22?
7
Suppose 0 = 2*h + o - 1207 - 420, -3*h = 3*o - 2442. Calculate the remainder when h is divided by 74.
73
Suppose 0 = -69*a - 46560 + 46905. Calculate the remainder when 12/2*(-11)/(-3) is divided by a.
2
Let s be (2/4)/((-1 - -2)/(-2)). Calculate the remainder when 78 is divided by s - (-23 + 1 + 1).
18
Let x(d) = 12*d + 292. What is the remainder when 507 is divided by x(-24)?
3
Let w = -25 + 61. Suppose 4*b + 4*q = 60, -3*b + b - 4*q + w = 0. What is the remainder when 45 is divided by b?
9
Suppose -3*m = 2*q + 4 - 7, 2*m = -5*q + 2. What is the remainder when 8 is divided by m?
0
Suppose -4*t = -s - 1233, -1407 + 486 = -3*t + 2*s. Let x = t - 185. Calculate the remainder when x is divided by 42.
40
Suppose 64 = -5*m + 179. What is the remainder when 29 is divided by m?
6
Suppose 0*p + 64 = -8*p. Let d(x) = -7*x + 27. What is the remainder when d(p) is divided by 12?
11
What is the remainder when 20 is divided by 175/14 - (-3)/(-6)?
8
Let r(a) = -a**2 - 14*a - 1. Let m be 53/(-5) - 2 - 2/5. What is the remainder when 58 is divided by r(m)?
10
Calculate the remainder when 485 is divided by (468/(-104))/((-2)/12).
26
Calculate the remainder when 283 is divided by (-9)/(-3*(-4)/(-8)) - -11.
11
Suppose -3 - 3 = -2*u. Suppose 32 = 2*h + h + 5*v, -3*v = u*h - 42. Calculate the remainder when h is divided by 11.
8
Suppose -t - 4680 = 9*t. What is the remainder when (-2 + 3)/((-6)/t) is divided by 9?
6
Calculate the remainder when (-16)/(-24) - (-5236)/21 is divided by 11.
8
Suppose -2*g + 6 = -g. Let c(y) = -3 + 5*y - 2 - g. What is the remainder when c(8) is divided by 6?
5
Let m(t) = -t + 39. Let q be m(-8). Let l = q + -45. Calculate the remainder when 5 is divided by l.
1
Let s(p) = -4*p - 1. Let w be s(-1). Let f = w + 16. Calculate the remainder when f is divided by (-129)/(-12) - 1/(-4).
8
Suppose -54 + 68 = a. Calculate the remainder when (6/(-8))/(2/(-64)) is divided by a.
10
Let h = -1573 - -1719. What is the remainder when h is divided by (-74)/(4/2 - 4)?
35
Let h be (1 - 3)*(-8 + -10 + 6). Suppose 2*y + h = 4*y. Suppose 4*x = 3*c - 54 - 28, -5*x = -c + 42. Calculate the remainder when c is divided by y.
10
Suppose 0 = -2*o - 0*y + 2*y + 1192, 3*y + 2972 = 5*o. Calculate the remainder when o is divided by 33.
31
Suppose 0 = -5*u + 11*u - 12. Let b(s) = 2*s - 3. Calculate the remainder when 5 is divided by b(u).
0
Let q(z) = z + 11. Suppose 4*u - s = 31, 2*s + 1 = -u + 4*s. Let g(t) = t**3 - 7*t**2 + t - 14. What is the remainder when g(8) is divided by q(u)?
18
Let x = 401 - 195. What is the remainder when x is divided by 52?
50
Let c(f) = f**2 - 7*f + 5. Let k be c(6). Let i be 4/4*k - -1. Suppose -3*w = -i*w - 195. What is the remainder when w is divided by 11?
10
Let t(i) = 15*i**2 + 2*i - 2. Suppose 40 = 2*u + 4*g, 13*u - 65 = 9*u - 3*g. Calculate the remainder when t(-2) is divided by u.
12
Suppose 4*b - 34 - 30 = 0. Let l = 103 - 61. Calculate the remainder when l is divided by b.
10
Suppose 0 = -3*v + 2*t + 7, -4*v + t + 9 = -2*t. Let d(x) = 4*x + 0 - v*x - 2*x + 1. Calculate the remainder when d(-11) is divided by 5.
2
Let d(g) = -22*g - 13. Let b be d(4). Let c = 114 + b. What is the remainder when 128 is divided by c?
11
Let o = 67 - 11. Let k(p) = p**3 - 5*p**2 - 7*p + 25. What is the remainder when o is divided by k(6)?
18
Let q(k) = 7*k + k - 5*k. What 